
1021222100
-202122 (base 3) to base 2
-1000101101
Convert -11431 (base 5) to base 12.
-602
25766 (base 8) to base 9
16384
17098 (base 13) to base 9
66401
What is 2a8 (base 11) in base 6?
1400
Convert -123 (base 10) to base 8.
-173
Convert -3a4 (base 16) to base 8.
-1644
What is 102112 (base 3) in base 16?
137
Convert 1103 (base 10) to base 6.
5035
What is -38b (base 12) in base 5?
-4124
-3bb3 (base 13) to base 7
-34030
-1001001100 (base 2) to base 11
-495
100101110011010 (base 2) to base 14
70a6
What is 254333 (base 7) in base 5?
3002122
Convert -7574 (base 10) to base 3.
-101101112
What is 1512 (base 6) in base 12?
298
What is -254a5 (base 12) in base 10?
-50813
Convert -102403 (base 9) to base 6.
-1145350
Convert 2131 (base 8) to base 11.
922
Convert 2441 (base 6) to base 2.
1001011001
What is 9187 (base 10) in base 6?
110311
What is 358 (base 10) in base 5?
2413
-2369 (base 10) to base 8
-4501
-24013 (base 5) to base 6
-12050
What is -1244 (base 12) in base 16?
-814
12326 (base 8) to base 15
18a9
Convert -11005 (base 10) to base 4.
-2223331
-2536 (base 12) to base 6
-31310
-121223 (base 8) to base 16
-a293
Convert 453251 (base 6) to base 13.
145ab
-7c7 (base 15) to base 8
-3342
Convert 9b64 (base 13) to base 2.
101010011010010
Convert -21101112 (base 3) to base 15.
-18e2
-1535 (base 7) to base 11
-509
Convert 41547 (base 8) to base 15.
51a5
Convert 1011000 (base 3) to base 15.
3ac
Convert d3d (base 16) to base 7.
12611
Convert 14233 (base 5) to base 11.
995
-1b52 (base 15) to base 8
-13447
What is -1474 (base 10) in base 13?
-895
355 (base 14) to base 4
22113
Convert -96e (base 16) to base 12.
-1492
d948 (base 15) to base 16
b390
Convert -7be4 (base 16) to base 15.
-95e6
21253 (base 7) to base 2
1010010100001
-411 (base 7) to base 13
-129
What is -100102 (base 3) in base 5?
-2004
111033 (base 4) to base 11
1026
What is -1221122 (base 4) in base 8?
-15132
Convert 103051 (base 7) to base 11.
12478
What is -1b1 (base 15) in base 2?
-110000111
1329a (base 14) to base 7
254353
-8165 (base 13) to base 5
-1032303
What is 720 (base 10) in base 7?
2046
327 (base 12) to base 6
2051
1289 (base 15) to base 4
331302
-8781 (base 12) to base 14
-5625
Convert -8b8 (base 14) to base 8.
-3302
24a4 (base 16) to base 2
10010010100100
What is 37521 (base 8) in base 9?
24210
354b (base 13) to base 15
234e
-1003101 (base 4) to base 13
-1c62
Convert -98 (base 10) to base 7.
-200
424233 (base 5) to base 3
201122022
Convert -210 (base 9) to base 3.
-20100
What is 35b99 (base 12) in base 13?
27039
7a5 (base 16) to base 3
2200111
What is 14106 (base 10) in base 6?
145150
1430 (base 8) to base 3
1002100
-1358 (base 15) to base 9
-5602
Convert -4310 (base 14) to base 4.
-2310322
Convert 445 (base 9) to base 5.
2430
-752 (base 9) to base 11
-509
1d (base 16) to base 14
21
What is -847 (base 14) in base 12?
-b3b
-d (base 16) to base 3
-111
-6516 (base 15) to base 14
-7b24
What is 1200 (base 9) in base 4?
31323
Convert 25321 (base 6) to base 13.
195a
-cd3d (base 14) to base 2
-1000101011001011
What is -8ca8 (base 14) in base 13?
-b18c
Convert 2c69 (base 14) to base 8.
17375
1000 (base 6) to base 13
138
Convert 1145 (base 7) to base 14.
225
Convert -3341 (base 9) to base 5.
-34332
Convert -108a (base 12) to base 13.
-ab1
Convert 2451 (base 6) to base 14.
315
Convert -23002 (base 4) to base 3.
-222011
-1110111011 (base 2) to base 4
-32323
What is 479b (base 16) in base 14?
6975
Convert 52042 (base 7) to base 2.
11000110110001
Convert -21031 (base 4) to base 16.
-24d
9309 (base 10) to base 16
245d
-778 (base 9) to base 5
-10023
4263 (base 7) to base 16
5eb
Convert 11276 (base 8) to base 11.
3672
Convert 428 (base 12) to base 6.
2452
What is -18692 (base 12) in base 8?
-105316
What is -579 (base 15) in base 10?
-1239
Convert -230102 (base 4) to base 2.
-101100010010
Convert -4909 (base 11) to base 5.
-201142
What is 1522 (base 10) in base 9?
2071
Convert 5fcb (base 16) to base 10.
24523
Convert 4bcb (base 13) to base 16.
2a3e
-8a8 (base 14) to base 10
-1716
What is -8b23 (base 15) in base 5?
-1421013
11022202 (base 3) to base 14
1212
442aa (base 11) to base 14
195b4
What is -3c49 (base 16) in base 11?
-10660
-4952 (base 10) to base 16
-1358
602 (base 13) to base 2
1111111000
ab6 (base 12) to base 16
62a
What is 35978 (base 10) in base 11?
25038
-22464 (base 8) to base 9
-14052
What is 101330 (base 5) in base 15?
eca
-12171 (base 9) to base 11
-6152
Convert -1314132 (base 6) to base 2.
-10001101000001000
Convert 553 (base 13) to base 3.
1020211
-4467 (base 9) to base 10
-3301
What is -26460 (base 7) in base 15?
-2183
-6192 (base 15) to base 11
-14539
What is 1053 (base 7) in base 15?
1a6
Convert -1121 (base 7) to base 5.
-3112
What is 1200 (base 10) in base 16?
4b0
Convert -13593 (base 13) to base 12.
-18a99
28654 (base 9) to base 8
46041
111001010101111 (base 2) to base 7
151411
What is 155421 (base 8) in base 7?
322334
-3c5 (base 14) to base 9
-1035
What is 2570 (base 10) in base 9?
3465
Convert 310241 (base 5) to base 2.
10011101010111
What is 3471 (base 10) in base 5?
102341
What is -404535 (base 6) in base 13?
-11849
Convert -d435 (base 16) to base 10.
-54325
What is 121220 (base 5) in base 8?
10720
Convert 12232230 (base 4) to base 10.
27564
What is -330303 (base 4) in base 3?
-12100010
What is 20507 (base 9) in base 10?
13534
Convert -21103 (base 8) to base 13.
-3cb9
Convert -301045 (base 7) to base 11.
-3518a
Convert -1001110101 (base 2) to base 7.
-1556
Convert -1a5 (base 12) to base 8.
-415
-100111000110 (base 2) to base 5
-40002
40240 (base 5) to base 3
10112012
110111000 (base 2) to base 11
370
What is 12032000 (base 4) in base 5?
1303342
12002210 (base 3) to base 2
111010001000
What is 21 (base 3) in base 6?
11
What is 4682 (base 9) in base 6?
24032
Convert 8bbb (base 14) to base 5.
1234043
What is 37920 (base 10) in base 5?
2203140
-12405 (base 6) to base 7
-5321
Convert -1000201 (base 3) to base 9.
-1021
100110100111 (base 2) to base 13
1181
7c0 (base 16) to base 7
5533
10103 (base 6) to base 9
1743
What is -1712 (base 9) in base 3?
-1210102
b25 (base 16) to base 13
13b6
What is -1000100001110111 (base 2) in base 13?
-12b94
-4641 (base 7) to base 13
-a05
-100010010101111 (base 2) to base 15
-5323
Convert -383 (base 14) to base 6.
-3131
Convert -5243 (base 6) to base 10.
-1179
What is 42 (base 11) in base 16?
2e
Convert -234 (base 11) to base 12.
-1b3
What is -1016 (base 12) in base 10?
-1746
What is 24254 (base 6) in base 16?
dea
914 (base 11) to base 10
1104
Convert -2246 (base 8) to base 16.
-4a6
Convert 19394 (base 12) to base 3.
1212112011
What is -45a3 (base 11) in base 6?
-43550
Convert 42a (base 12) to base 16.
262
Convert -103112 (base 4) to base 12.
-872
Convert 111101000010 (base 2) to base 10.
3906
-1001000110110001 (base 2) to base 16
-91b1
-1011253 (base 6) to base 11
-332a5
What is -4643 (base 7) in base 14?
-893
-2131 (base 7) to base 3
-1001001
What is -137 (base 12) in base 3?
-20221
What is -43146 (base 8) in base 5?
-1034042
What is -a0 (base 14) in base 7?
-260
Convert 6c8 (base 14) to base 5.
20402
-22134 (base 9) to base 8
-34544
1503 (base 7) to base 14
303
2022101 (base 3) to base 14
884
7365 (base 8) to base 9
5224
-10 (base 11) to base 8
-13
5957 (base 15) to base 2
100101000100110
What is -8ab3 (base 16) in base 8?
-105263
What is -23606 (base 8) in base 14?
-398a
1021 (base 8) to base 15
254
What is -3a9 (base 14) in base 16?
-2e1
Convert -193d7 (base 15) to base 14.
-21ba5
14535 (base 6) to base 9
3215
-1f0 (base 16) to base 3
-200101
What is -2021002 (base 4) in base 5?
-240040
-1100411 (base 5) to base 16
-49a8
Convert -1a808 (base 12) to base 14.
-103c4
What is 2200211102 (base 3) in base 11?
36987
What is -100010010111110 (base 2) in base 4?
-10102332
-255 (base 11) to base 9
-365
What is -a3 (base 15) in base 6?
-413
Convert 4ba (base 12) to base 3.
222121
-6521 (base 8) to base 10
-3409
What is -213243 (base 5) in base 9?
-11036
-3114 (base 10) to base 3
-11021100
Convert 960 (base 12) to base 5.
20433
-1105 (base 12) to base 14
-981
-1344 (base 15) to base 7
-14665
Convert -441 (base 15) to base 9.
-1277
What is 324 (base 12) in base 13?
295
What is -526 (base 12) in base 10?
-750
Convert 19a (base 12) to base 9.
321
1983